 is divided by 9?
8
Calculate the remainder when 2160 is divided by (-77)/(-22)*(-10 + 12).
4
Let j = 598964 - 598709. What is the remainder when j is divided by 2/(-4) - 87/(-2)?
40
Suppose 212*p - 211*p = -3*d + 92, -3*p = d - 244. Calculate the remainder when 92 is divided by p.
12
Let k(w) = 7*w**2 - 19*w + 7*w**2 + 4*w**2 - 7*w**2 + 4*w**2. Calculate the remainder when k(4) is divided by 48.
20
Let o(b) = b**3 + 7 + 4*b**3 + 2*b - 3*b**2 - 4*b. Let g = -737 + 775. Calculate the remainder when o(3) is divided by g.
33
Calculate the remainder when 202 is divided by 7 + 12 + 2 + 10.
16
Suppose -5*l = -5*z - 15, 2*l + 0*z + 4*z - 30 = 0. Suppose t + 1 = 2*x, 5*x + 7 = l*x + t. What is the remainder when 42 is divided by (0 + 8)*3/x?
6
Let w = 269 + -176. Let h be 1*(-8)/2 + -38. Let o = w + h. What is the remainder when o is divided by 9?
6
Suppose 1556 = -5*d + 3*d. Let z be 18/42 + d/(-14). Let w = z - 43. What is the remainder when 20 is divided by w?
7
Let u be -2 - ((-12)/10)/((-2)/(-10)). Let g be 18/u - (-30)/(-20). Suppose p + 12 = z - p, 4*z - 37 = -g*p. What is the remainder when 36 is divided by z?
6
What is the remainder when (12 + 13 + -26)*0 + 210 + 1 is divided by 108?
103
Let r be 1/((5/(-10))/(-1)). Let i be (7 + -8)*r/(-1). Suppose 0 = -5*y + 20, 5*y = i*f - 6*f + 36. What is the remainder when 22 is divided by f?
2
Let t be (-2)/(2/(-8) - 0). Suppose -768 + 568 = -t*b. What is the remainder when 272 is divided by b?
22
Let t = 42 + 4. Suppose -t = -q - 19. Suppose -b + q = -4*k - 6, -k = 0. Calculate the remainder when b is divided by 18.
15
Let j = -1867 - -2031. Calculate the remainder when j is divided by 18.
2
Calculate the remainder when 1294 is divided by (-194)/50*-5 + 15/25.
14
Let z be 4/((-16)/(-60))*(-2)/(-6). Suppose 2*p + s - 833 = 40, 2190 = z*p - 5*s. Calculate the remainder when p is divided by 63.
59
Let n(s) = -46*s - 310. Suppose -4 = -5*f - 14. Let b = f + 6. What is the remainder when n(-7) is divided by b?
0
Suppose 554*v - 970 = 544*v. What is the remainder when v is divided by 40?
17
Suppose -3*u - 339 = -3*m, 3*m - 146*u - 355 = -145*u. What is the remainder when m is divided by (-2)/11 + 2151/33?
56
Suppose -5*w - 482 = -4*w - 5*p, 3*w = p - 1432. Let d = -121 - w. Calculate the remainder when d is divided by 45.
41
Let w = -44396 - -44473. Let h(z) = -z**3 + 5*z**2 - 2*z - 4. What is the remainder when w is divided by h(3)?
5
Let y(c) = 0 - 1 + c - 44*c**2 + 53*c**2. Calculate the remainder when 88 is divided by y(-2).
22
Suppose 208 = 4*u + 24. Suppose -y + u = -5*i - 0*i, -2*i + 152 = 2*y. What is the remainder when 277 is divided by y?
64
Suppose -2*s - 3*s - 8*s = 0. Suppose -2*f + s*v + 3*v = -52, 3*v = -f + 8. What is the remainder when f is divided by 4?
0
Let h(c) = -c**2 - 15*c - 39. Let f be h(-11). Let u(q) = 10*q + 10. Let x be u(f). What is the remainder when (-114)/(-4)*x/45 is divided by 21?
17
Suppose 0 = -4*c + 4, -5*t = -10*t - 4*c + 44. Let x(k) = -2*k**3 + 15*k**2 + 12*k - 22. Calculate the remainder when 29 is divided by x(t).
9
Calculate the remainder when (1099/628)/((-2)/(-224) + 0) is divided by 17.
9
Let f(c) = -122*c - 716. Calculate the remainder when f(-10) is divided by 501.
3
Let g = -42 - -132. Suppose 9*j = 630 - g. What is the remainder when 296 is divided by j?
56
Suppose 0 = g - 3*g + 1456. Let l = g + -722. Calculate the remainder when 41 is divided by l.
5
Let v = 2 + 3. Suppose 214*l - 247*l + 3234 = 0. Calculate the remainder when l is divided by v.
3
Let m = -1323 - -1575. What is the remainder when m is divided by 251?
1
Suppose -5*n = j - 2403, 0 = 3*n + 3*j + 2*j - 1433. Suppose 0 = 3*h + 10*h - n. What is the remainder when 61 is divided by h?
24
Let i be (-1265)/(-44) + 3/12. Let b = i - 25. What is the remainder when 16 is divided by b?
0
Let f(j) be the third derivative of 41*j**5/60 - 11*j**4/24 - 2*j**3 + 109*j**2. What is the remainder when 397 is divided by f(-1)?
37
Suppose -8*s + 4*f = -5*s - 5, 2*s - 2 = 4*f. Calculate the remainder when s*(-2366)/(-21) + -3 is divided by 56.
55
Suppose -3*n = 2*n - 4*q - 524, 3*q - 413 = -4*n. Calculate the remainder when n is divided by 6 - 67/(603/(-108)).
14
Suppose 41*f = -2*a + 37*f + 3284, 2*a = 4*f + 3308. What is the remainder when a is divided by 110?
108
Let c(a) = 11*a**3 - 2*a**2 - 2*a + 3. Let o = -7 - -12. Suppose 1 = -o*k + 21. Calculate the remainder when c(1) is divided by k.
2
Let n(x) = 50 + x + 20*x - 9*x - 8*x. Calculate the remainder when (-2)/4 + 708/8 is divided by n(-5).
28
Suppose 5*y = 20, -3*y - 123 + 483 = 4*j. Calculate the remainder when 1126 is divided by j.
82
What is the remainder when 2055 is divided by ((-281)/30 + (-66)/(-30))*-18?
120
Let f = 1695 + -1651. Let l = 42 + -32. Calculate the remainder when f is divided by l.
4
Suppose -26*h + 640 = 198. What is the remainder when (-68)/(-6) + (h/3 - 5) is divided by 7?
5
Suppose -636 = m - 256. Calculate the remainder when 6/(-9) - (-3)/((-36)/m) is divided by 8.
7
Suppose -312*p + 70580 = 46*p - 6032. What is the remainder when 1297 is divided by p?
13
What is the remainder when 1262 + ((6/9)/(-1))/(108/486) is divided by 19?
5
Suppose -2*r = 2*z - 10, -5*z - 4*r + 5*r = -1. Let y be (z + (-18)/4)*22. Let p = -52 - y. Calculate the remainder when 48 is divided by p.
23
Let f = 1637 - 1551. What is the remainder when f is divided by (-171)/(-33) + -5 + 1695/55?
24
Let d(w) = 209*w + 59. Let h be d(6). Suppose -4*p - h = -5*y, 5*y + 4*p - 1072 = y. Calculate the remainder when y is divided by 38.
37
What is the remainder when 4378 is divided by -183 + 253 + (-21 - 2)?
7
Let f be (-45)/(0 + 3)*(-2)/3. Suppose -f*n = -8*n - 10. Suppose -17 = -h - 3*p, 4*h - 98 = 3*p - n*p. Calculate the remainder when 101 is divided by h.
23
Let o = 2070 - 1472. Let r = o + -573. Calculate the remainder when 118 is divided by r.
18
Let o = -2531 - -26583. What is the remainder when o is divided by 85?
82
Let d = -532 + 528. What is the remainder when 121 is divided by (10 + 20)*(-6)/d?
31
Suppose 41*t + 95*t - 30600 = 0. What is the remainder when t is divided by 34?
21
Let u = -408 - -446. Suppose -12*t = u - 206. Suppose -2*c + 31 = -23. Calculate the remainder when c is divided by t.
13
Let s(g) = g**2 - 46*g + 1088. Calculate the remainder when s(67) is divided by 39.
38
Let x(d) = 13*d - 41. What is the remainder when 692 is divided by x(6)?
26
Suppose q + n + 67 = 77, -9*n - 53 = -2*q. What is the remainder when (18/4)/(2/8) is divided by q?
5
Let n(d) = -8*d**3 - 15*d**2 - 12*d + 28. Calculate the remainder when 77 is divided by n(-2).
21
Suppose 820*y - 819*y - 5 = 0. Suppose -42*s = -5*u - 38*s + 419, -y*u + 3*s = -418. Calculate the remainder when u is divided by 17.
15
Let p be 1824/10 - (-28)/(-70). Let t = 185 - p. Calculate the remainder when 6 is divided by t.
0
Suppose 0 = 25*j + 83*j - 49572. Calculate the remainder when j is divided by 20.
19
Let y(d) = -40 + 0*d - 5*d + 3*d. Suppose -55 = -4*g - v + 54, -2*v - 25 = -g. Calculate the remainder when g is divided by y(-26).
3
Suppose -q = -4*l + 412, 5*q - 101 + 427 = 3*l. Let o = l - 98. What is the remainder when 42 is divided by o?
2
Suppose 63 = 38*c - 51. Suppose c*u - 72 = -5*n + 333, 5*n - 3*u - 375 = 0. Calculate the remainder when 542 is divided by n.
74
Let d(p) = -3*p**3 - 10*p**2 + 7*p + 5. Suppose 0 = -6*s + 67 - 19. Suppose -n + 41 = r, 3*r + s = -1. Calculate the remainder when n is divided by d(-4).
8
Let k(b) = -2*b**2 - 49*b - 46. Let f be -23*((-6)/6 + 2). Calculate the remainder when k(f) is divided by 12.
11
Suppose 0 = 4*l - 112 + 4. Suppose -5*x - 15 = v, -2*x - 30 = 168*v - 170*v. Calculate the remainder when l is divided by v.
7
What is the remainder when 226 is divided by 361/6 - ((-1001)/78 + 12)?
43
Let x = 4266 - 4256. Calculate the remainder when 106 is divided by x.
6
Let s(w) = -2*w - 26. Let m be s(-14). Suppose -y + 2*b + 114 = 2*y, -m*y - b = -76. What is the remainder when y is divided by 10?
8
Let w = 18735 + -18616. What is the remainder when 195 is divided by w?
76
Let z be ((-8)/7)/(12/(-42)). Suppose -z*c + 691 = 123. Calculate the remainder when c is divided by 24.
22
Suppose 32*b + 8 = 34*b. Calculate the remainder when b - -62 - (3